{"id":399,"date":"2020-04-22T10:17:17","date_gmt":"2020-04-22T10:17:17","guid":{"rendered":"https:\/\/frankfurt-rental.com\/homepage_wp\/?page_id=399"},"modified":"2022-01-07T07:31:27","modified_gmt":"2022-01-07T07:31:27","slug":"djs-bands","status":"publish","type":"page","link":"https:\/\/frankfurt-rental.com\/index.php\/djs-bands\/","title":{"rendered":"DJ`s &#038; Band`s"},"content":{"rendered":"\n<h2 class=\"wp-block-heading\">DJs &amp; Bands<\/h2>\n\n\n\n<p>DJ`s und Bands zu finden und zu buchen ist heutzutage nicht schwierig.<br>Den richtigen DJ oder die richtige Band zu finden ist jedoch bei dem umfassenden Angebot meist die gr\u00f6\u00dfere Herausforderung.<\/p>\n\n\n\n<p>Wir bieten eine selektive Auswahl an DJ`s und Bands an, von deren Leistung wir \u00fcberzeugt sind und mit denen wir eine angenehme und stressfreie Zusammenarbeit garantieren.<\/p>\n\n\n\n<p>Welche Art von Veranstaltung Sie auch haben und daf\u00fcr Entertainer und K\u00fcnstler suchen, sei es die Hochzeitsband oder der Hochzeits DJ, die Partyband oder der Party DJ, die Band oder der DJ f\u00fcr Ihre Firmenveranstaltung, lassen Sie sich inspirieren&#8230;<\/p>\n\n\n\n<p>Wir stellen gerne den Kontakt her und kl\u00e4ren die Eckdaten Ihrer Veranstaltung bereits mit Ihnen im Vorfeld. <\/p>\n\n\n\n<h2 class=\"wp-block-heading\">Band Partner in Frankfurt am Main und Umgebung<\/h2>\n\n\n\n<p><strong>Noizebox (A cappella attitude)<\/strong><\/p>\n\n\n\n<figure class=\"wp-block-image size-large\"><a href=\"https:\/\/frankfurt-rental.com\/index.php\/e-mail\/\"><img loading=\"lazy\" decoding=\"async\" width=\"100\" height=\"50\" src=\"https:\/\/frankfurt-rental.com\/homepage_wp\/wp-content\/uploads\/2020\/04\/Noizebox.png\" alt=\"\" class=\"wp-image-400\"\/><\/a><\/figure>\n\n\n\n<p>Sie lieben Soul, Pop und Funk, aber der Lifestyle ist a cappella. Deshalb bringen Sie die Musik von Beyonce, Justin Timberlake und Mothers Finest so auf die B\u00fchne, wie sie sein muss: mit fetten B\u00e4ssen, funky Grooves und souligen Vocals, nur eben ohne Instrumente. Ob das geht? Sechs Mikrophone sind mehr als genug. <\/p>\n\n\n\n<p><\/p>\n\n\n\n<p><\/p>\n\n\n\n<p><strong>Weddingband<\/strong><\/p>\n\n\n\n<figure class=\"wp-block-image size-large\"><a href=\"https:\/\/frankfurt-rental.com\/index.php\/e-mail\/\"><img loading=\"lazy\" decoding=\"async\" width=\"100\" height=\"50\" src=\"https:\/\/frankfurt-rental.com\/homepage_wp\/wp-content\/uploads\/2020\/04\/Weddingband.png\" alt=\"\" class=\"wp-image-401\"\/><\/a><\/figure>\n\n\n\n<p>Die \u201eWeddingband\u201c gestaltet mit Gesp\u00fcr und Erfahrung den passenden musikalischen Rahmen f\u00fcr Eure Traumhochzeit und sorgt zuverl\u00e4ssig f\u00fcr Stimmung und Animation Eurer G\u00e4ste.<br>Wer nach der Band immer noch kann, tanzt mit Ihrem DJ einfach weiter durch die Nacht.<\/p>\n\n\n\n<p>Sie spielen Songs von:<br>Vanessa Carlton, CeLo Green, Amy Winehouse, Sting, Chaka Khan, Maroon 5, Gossip, Kylie Minogue, Police, Earth Wind&amp;Fire, Kool &amp; the Gang, Anastacia, Michael Buble, Norah Jones, Stevie Wonder, Michael Jackson, Marvin Gaye, Prince, aktuelle Charts, Swing, Blues, Pop, Funk, Soul.<br>Auf Wunsch spielen Sie ebenso SCHLAGER.<\/p>\n\n\n\n<p><\/p>\n\n\n\n<h2 class=\"wp-block-heading\">DJ Partner in Frankfurt am Main und umgebung<\/h2>\n\n\n\n<p><strong>DJ mcJay<\/strong><\/p>\n\n\n\n<figure class=\"wp-block-image size-large\"><a href=\"https:\/\/frankfurt-rental.com\/index.php\/e-mail\/\"><img loading=\"lazy\" decoding=\"async\" width=\"100\" height=\"50\" src=\"https:\/\/frankfurt-rental.com\/homepage_wp\/wp-content\/uploads\/2020\/04\/DJmcjay.png\" alt=\"\" class=\"wp-image-409\"\/><\/a><\/figure>\n\n\n\n<figure class=\"wp-block-image size-large\"><a href=\"https:\/\/frankfurt-rental.com\/index.php\/e-mail\/\"><img loading=\"lazy\" decoding=\"async\" width=\"100\" height=\"50\" src=\"https:\/\/frankfurt-rental.com\/homepage_wp\/wp-content\/uploads\/2020\/04\/DJmcjay2.png\" alt=\"\" class=\"wp-image-410\"\/><\/a><\/figure>\n\n\n\n<p>Seit 2004 aktiv als mobiler Allround DJ in Frankfurt und im gesamten Rhein-Main Gebiet.<br><br>F\u00fcr Hochzeiten, Geburtstage, Firmenfeiern, Vereinsfeiern oder Polterabende. <\/p>\n\n\n\n<p><\/p>\n\n\n\n<p><strong>DJ Claudio CMC<\/strong><\/p>\n\n\n\n<figure class=\"wp-block-image size-large\"><a href=\"https:\/\/frankfurt-rental.com\/index.php\/e-mail\/\"><img loading=\"lazy\" decoding=\"async\" width=\"100\" height=\"50\" src=\"https:\/\/frankfurt-rental.com\/homepage_wp\/wp-content\/uploads\/2020\/04\/DJClaudioCMC.png\" alt=\"\" class=\"wp-image-415\"\/><\/a><\/figure>\n\n\n\n<figure class=\"wp-block-image size-large\"><a href=\"https:\/\/frankfurt-rental.com\/index.php\/e-mail\/\"><img loading=\"lazy\" decoding=\"async\" width=\"100\" height=\"50\" src=\"https:\/\/frankfurt-rental.com\/homepage_wp\/wp-content\/uploads\/2020\/04\/DJClaudioCMC2.png\" alt=\"\" class=\"wp-image-416\"\/><\/a><\/figure>\n\n\n\n<p>Seit 2012 aktiv als mobiler Allround DJ und Elektronic DJ in Frankfurt am Main und Umgebung.<br><br>F\u00fcr Hochzeiten, Geburtstage, Firmenfeiern, oder Polterabende. <\/p>\n\n\n\n<p><\/p>\n\n\n\n<p><strong>DJ \/ Moderator Martin Neumann (HR3 \/ YOU FM)<\/strong><\/p>\n\n\n\n<figure class=\"wp-block-image size-large\"><a href=\"https:\/\/frankfurt-rental.com\/index.php\/e-mail\/\"><img loading=\"lazy\" decoding=\"async\" width=\"100\" height=\"50\" src=\"https:\/\/frankfurt-rental.com\/homepage_wp\/wp-content\/uploads\/2020\/04\/DJMartinneumann.png\" alt=\"\" class=\"wp-image-418\"\/><\/a><\/figure>\n\n\n\n<figure class=\"wp-block-image size-large\"><a href=\"https:\/\/frankfurt-rental.com\/index.php\/e-mail\/\"><img loading=\"lazy\" decoding=\"async\" width=\"100\" height=\"50\" src=\"https:\/\/frankfurt-rental.com\/homepage_wp\/wp-content\/uploads\/2020\/04\/DJMartinneumann2.png\" alt=\"\" class=\"wp-image-419\"\/><\/a><\/figure>\n\n\n\n<p>Programmmacher bei YOU FM (by hr3) und als mobiler Allround DJ in Frankfurt am Main und Umgebung buchbar.<br><br>F\u00fcr Veranstaltungen aller Art.<\/p>\n\n\n\n<p><\/p>\n\n\n\n<p><strong>DJ Sensay<\/strong><\/p>\n\n\n\n<figure class=\"wp-block-image size-large\"><a href=\"https:\/\/frankfurt-rental.com\/index.php\/e-mail\/\"><img loading=\"lazy\" decoding=\"async\" width=\"100\" height=\"50\" src=\"https:\/\/frankfurt-rental.com\/homepage_wp\/wp-content\/uploads\/2020\/04\/DJSensay.png\" alt=\"\" class=\"wp-image-420\"\/><\/a><\/figure>\n\n\n\n<figure class=\"wp-block-image size-large\"><a href=\"https:\/\/frankfurt-rental.com\/index.php\/e-mail\/\"><img loading=\"lazy\" decoding=\"async\" width=\"100\" height=\"50\" src=\"https:\/\/frankfurt-rental.com\/homepage_wp\/wp-content\/uploads\/2020\/04\/DJSensay1.png\" alt=\"\" class=\"wp-image-421\"\/><\/a><\/figure>\n\n\n\n<p>DJ Sensay ist ein erfahrener K\u00fcnstler und eine perfekte Erg\u00e4nzung f\u00fcr Partys spezieller Art.<br>Besonders bekannt ist er im Clubbing Bereich f\u00fcr Partys der Asiatischen Zielgruppe.<br>Die Musikalische Ausrichtung reicht von klassischem Hip Hop, RnB bis hin zu Trap.<br>Er ist als mobiler Allround DJ in ganz Deutschland buchbar.<br><br>Hip Hop, RnB und Trap Veranstaltungen. <\/p>\n\n\n\n<p><\/p>\n\n\n\n<p><strong>DJ Anthony Green<\/strong><\/p>\n\n\n\n<figure class=\"wp-block-image size-large\"><a href=\"https:\/\/frankfurt-rental.com\/index.php\/e-mail\/\"><img loading=\"lazy\" decoding=\"async\" width=\"100\" height=\"50\" src=\"https:\/\/frankfurt-rental.com\/homepage_wp\/wp-content\/uploads\/2020\/04\/DJAnthonyGreen.png\" alt=\"\" class=\"wp-image-422\"\/><\/a><\/figure>\n\n\n\n<figure class=\"wp-block-image size-large\"><a href=\"https:\/\/frankfurt-rental.com\/index.php\/e-mail\/\"><img loading=\"lazy\" decoding=\"async\" width=\"100\" height=\"50\" src=\"https:\/\/frankfurt-rental.com\/homepage_wp\/wp-content\/uploads\/2020\/04\/DJAnthonyGreen2.png\" alt=\"\" class=\"wp-image-423\"\/><\/a><\/figure>\n\n\n\n<p>DJ Anthony Green ist seit 1996 als mobiler Allround DJ in Frankfurt am Main und Umgebung buchbar.<br><br>F\u00fcr Veranstaltungen aller Art (Partys, Geburtstage, Hochzeiten, Firmenfeiern etc.). <\/p>\n\n\n\n<p><\/p>\n\n\n\n<p><strong>DJ MaurizioG<\/strong><\/p>\n\n\n\n<figure class=\"wp-block-image size-large\"><a href=\"https:\/\/frankfurt-rental.com\/index.php\/e-mail\/\"><img loading=\"lazy\" decoding=\"async\" width=\"100\" height=\"50\" src=\"https:\/\/frankfurt-rental.com\/homepage_wp\/wp-content\/uploads\/2020\/04\/Maurizio_01.png\" alt=\"\" class=\"wp-image-425\"\/><\/a><\/figure>\n\n\n\n<p>DJ MaurizioG ist seit 2007 als mobiler Allround DJ und in Frankfurt am Main und Umgebung buchbar.<br><br>F\u00fcr Veranstaltungen aller Art (Partys, Geburtstage, Hochzeiten, Firmenfeiern etc.). <\/p>\n","protected":false},"excerpt":{"rendered":"<p>DJs &amp; Bands DJ`s und Bands zu finden und zu buchen ist heutzutage nicht schwierig.Den richtigen DJ oder die richtige Band zu finden ist jedoch bei dem umfassenden Angebot meist die gr\u00f6\u00dfere Herausforderung. Wir bieten eine selektive Auswahl an DJ`s und Bands an, von deren Leistung wir \u00fcberzeugt sind und mit denen wir eine angenehme &hellip; <\/p>\n<p class=\"link-more\"><a href=\"https:\/\/frankfurt-rental.com\/index.php\/djs-bands\/\" class=\"more-link\"><span class=\"screen-reader-text\">\u201eDJ`s &#038; Band`s\u201c <\/span>weiterlesen<\/a><\/p>\n","protected":false},"author":1,"featured_media":0,"parent":0,"menu_order":0,"comment_status":"closed","ping_status":"closed","template":"","meta":{"ngg_post_thumbnail":0,"footnotes":""},"class_list":["post-399","page","type-page","status-publish","hentry"],"_links":{"self":[{"href":"https:\/\/frankfurt-rental.com\/index.php\/wp-json\/wp\/v2\/pages\/399","targetHints":{"allow":["GET"]}}],"collection":[{"href":"https:\/\/frankfurt-rental.com\/index.php\/wp-json\/wp\/v2\/pages"}],"about":[{"href":"https:\/\/frankfurt-rental.com\/index.php\/wp-json\/wp\/v2\/types\/page"}],"author":[{"embeddable":true,"href":"https:\/\/frankfurt-rental.com\/index.php\/wp-json\/wp\/v2\/users\/1"}],"replies":[{"embeddable":true,"href":"https:\/\/frankfurt-rental.com\/index.php\/wp-json\/wp\/v2\/comments?post=399"}],"version-history":[{"count":9,"href":"https:\/\/frankfurt-rental.com\/index.php\/wp-json\/wp\/v2\/pages\/399\/revisions"}],"predecessor-version":[{"id":1251,"href":"https:\/\/frankfurt-rental.com\/index.php\/wp-json\/wp\/v2\/pages\/399\/revisions\/1251"}],"wp:attachment":[{"href":"https:\/\/frankfurt-rental.com\/index.php\/wp-json\/wp\/v2\/media?parent=399"}],"curies":[{"name":"wp","href":"https:\/\/api.w.org\/{rel}","templated":true}]}}